{"id":2,"date":"2026-04-16T07:02:38","date_gmt":"2026-04-16T07:02:38","guid":{"rendered":"https:\/\/testbricks.flandecoco.net\/?page_id=2"},"modified":"2026-04-16T08:54:29","modified_gmt":"2026-04-16T08:54:29","slug":"sample-page","status":"publish","type":"page","link":"https:\/\/testbricks.flandecoco.net\/index.php\/sample-page\/","title":{"rendered":"HOME"},"content":{"rendered":"\n<div class=\"wp-block-group is-content-justification-center is-layout-constrained wp-block-group-is-layout-constrained\">\n<section class=\"agency-hero-slider\">\n  <div class=\"agency-hero-track\">\n\n    <div class=\"agency-slide active\" style=\"background-image: url('https:\/\/testbricks.flandecoco.net\/wp-content\/uploads\/2026\/04\/art002e009287large.jpg');\">\n      <div class=\"agency-slide-overlay\"><\/div>\n      <div class=\"agency-slide-content\">\n        <span class=\"agency-kicker\">Marketing digital<\/span>\n        <h1>Dise\u00f1amos marcas que se ven, se sienten y convierten<\/h1>\n        <p>Estrategia, dise\u00f1o y desarrollo web con una est\u00e9tica limpia, moderna y pensada para resultados.<\/p>\n        <div class=\"agency-hero-buttons\">\n          <a href=\"#contacto\" class=\"agency-btn agency-btn-primary\">Hablemos<\/a>\n          <a href=\"#servicios\" class=\"agency-btn agency-btn-secondary\">Ver servicios<\/a>\n        <\/div>\n      <\/div>\n    <\/div>\n\n    <div class=\"agency-slide\" style=\"background-image: url('https:\/\/testbricks.flandecoco.net\/wp-content\/uploads\/2026\/04\/art002e009288orig-scaled.jpg');\">\n      <div class=\"agency-slide-overlay\"><\/div>\n      <div class=\"agency-slide-content\">\n        <span class=\"agency-kicker\">Web &#038; branding<\/span>\n        <h2>Minimalismo visual con impacto real<\/h2>\n        <p>Construimos experiencias digitales elegantes, r\u00e1pidas y preparadas para escalar sin complicaciones.<\/p>\n        <div class=\"agency-hero-buttons\">\n          <a href=\"#proyectos\" class=\"agency-btn agency-btn-primary\">Ver proyectos<\/a>\n          <a href=\"#sobre-nosotros\" class=\"agency-btn agency-btn-secondary\">Qui\u00e9nes somos<\/a>\n        <\/div>\n      <\/div>\n    <\/div>\n\n    <div class=\"agency-slide\" style=\"background-image: url('https:\/\/images.unsplash.com\/photo-1522202176988-66273c2fd55f?q=80&#038;w=1600&#038;auto=format&#038;fit=crop');\">\n      <div class=\"agency-slide-overlay\"><\/div>\n      <div class=\"agency-slide-content\">\n        <span class=\"agency-kicker\">Creatividad + estrategia<\/span>\n        <h2>Campa\u00f1as y webs pensadas para crecer<\/h2>\n        <p>Unimos contenido, creatividad y tecnolog\u00eda para construir una presencia digital s\u00f3lida y actual.<\/p>\n        <div class=\"agency-hero-buttons\">\n          <a href=\"#contacto\" class=\"agency-btn agency-btn-primary\">Empezar<\/a>\n          <a href=\"#equipo\" class=\"agency-btn agency-btn-secondary\">Nuestro equipo<\/a>\n        <\/div>\n      <\/div>\n    <\/div>\n\n  <\/div>\n\n  <div class=\"agency-dots\">\n    <button class=\"agency-dot active\" data-slide=\"0\" aria-label=\"Ir al slide 1\"><\/button>\n    <button class=\"agency-dot\" data-slide=\"1\" aria-label=\"Ir al slide 2\"><\/button>\n    <button class=\"agency-dot\" data-slide=\"2\" aria-label=\"Ir al slide 3\"><\/button>\n  <\/div>\n<\/section>\n\n<script>\ndocument.addEventListener('DOMContentLoaded', function () {\n  const slider = document.querySelector('.agency-hero-slider');\n  if (!slider) return;\n\n  const slides = slider.querySelectorAll('.agency-slide');\n  const dots = slider.querySelectorAll('.agency-dot');\n\n  let current = 0;\n  let autoPlay;\n\n  function showSlide(index) {\n    slides.forEach((slide, i) => {\n      slide.classList.toggle('active', i === index);\n    });\n\n    dots.forEach((dot, i) => {\n      dot.classList.toggle('active', i === index);\n    });\n\n    current = index;\n  }\n\n  function nextSlide() {\n    let next = current + 1;\n    if (next >= slides.length) next = 0;\n    showSlide(next);\n  }\n\n  function startAutoPlay() {\n    autoPlay = setInterval(nextSlide, 5000);\n  }\n\n  function resetAutoPlay() {\n    clearInterval(autoPlay);\n    startAutoPlay();\n  }\n\n  dots.forEach((dot, index) => {\n    dot.addEventListener('click', function () {\n      showSlide(index);\n      resetAutoPlay();\n    });\n  });\n\n  showSlide(0);\n  startAutoPlay();\n});\n<\/script>\n<\/div>\n","protected":false},"excerpt":{"rendered":"<p>Marketing digital Dise\u00f1amos marcas que se ven, se sienten y convierten Estrategia, dise\u00f1o y desarrollo web con una est\u00e9tica limpia, moderna y pensada para resultados. Hablemos Ver servicios Web &#038; branding Minimalismo visual con impacto real Construimos experiencias digitales elegantes, r\u00e1pidas y preparadas para escalar sin complicaciones. Ver proyectos Qui\u00e9nes somos Creatividad + estrategia Campa\u00f1as [&hellip;]<\/p>\n","protected":false},"author":1,"featured_media":0,"parent":0,"menu_order":0,"comment_status":"closed","ping_status":"closed","template":"","meta":{"footnotes":""},"class_list":["post-2","page","type-page","status-publish","hentry"],"blocksy_meta":{"has_hero_section":"disabled","styles_descriptor":{"styles":{"desktop":"","tablet":"","mobile":""},"google_fonts":[],"version":6}},"_links":{"self":[{"href":"https:\/\/testbricks.flandecoco.net\/index.php\/wp-json\/wp\/v2\/pages\/2","targetHints":{"allow":["GET"]}}],"collection":[{"href":"https:\/\/testbricks.flandecoco.net\/index.php\/wp-json\/wp\/v2\/pages"}],"about":[{"href":"https:\/\/testbricks.flandecoco.net\/index.php\/wp-json\/wp\/v2\/types\/page"}],"author":[{"embeddable":true,"href":"https:\/\/testbricks.flandecoco.net\/index.php\/wp-json\/wp\/v2\/users\/1"}],"replies":[{"embeddable":true,"href":"https:\/\/testbricks.flandecoco.net\/index.php\/wp-json\/wp\/v2\/comments?post=2"}],"version-history":[{"count":9,"href":"https:\/\/testbricks.flandecoco.net\/index.php\/wp-json\/wp\/v2\/pages\/2\/revisions"}],"predecessor-version":[{"id":32,"href":"https:\/\/testbricks.flandecoco.net\/index.php\/wp-json\/wp\/v2\/pages\/2\/revisions\/32"}],"wp:attachment":[{"href":"https:\/\/testbricks.flandecoco.net\/index.php\/wp-json\/wp\/v2\/media?parent=2"}],"curies":[{"name":"wp","href":"https:\/\/api.w.org\/{rel}","templated":true}]}}